{"version":"1.0","provider_name":"Leben in \u00d6sterreich","provider_url":"https:\/\/lebeninoesterreich.cafeblog.hu","author_name":"Viki Czako","author_url":"https:\/\/lebeninoesterreich.cafeblog.hu\/author\/vikiczako\/","title":"\u00c1llatkerti s\u00e9ta","html":"Tegnap szerencs\u00e9re ism\u00e9t a p\u00e1rommal egy napon voltunk szabadnaposok. Sz\u00e9p \u00e9s kellemes \u0151szi id\u0151 volt, \u00edgy ell\u00e1togattunk a salzburgi \u00e1llatkertbe.\r\n\r\nAnnak ellen\u00e9re, hogy Salzburg Zoo a neve, Anifban tal\u00e1lhat\u00f3, kb. 10 km-re Salzburgt\u00f3l. :-)\r\n\r\nAz \u00e1llatkert f\u0151bej\u00e1rata el\u0151tt egy hatalmas parkol\u00f3 tal\u00e1lhat\u00f3; a \u00a0parkol\u00e1s a kertet l\u00e1togat\u00f3k sz\u00e1m\u00e1ra ingyenes, amennyiben a parkol\u00f3 jegyet bent az \u00e1llatkertben a p\u00e9nzt\u00e1r m\u00f6g\u00f6tti kis k\u00e9k g\u00e9pben \u00e9rv\u00e9nyes\u00edtj\u00fck.\r\n\r\nUgyan\u00fagy, mint ahogy otthon a F\u0151v\u00e1rosi \u00c1llatkertben, itt is lehet Zoo csemeg\u00e9t (<em>Pellets<\/em>) v\u00e1s\u00e1rolni a kassz\u00e1kn\u00e1l (\u20ac 2,90). De szigor\u00faan, csak a megjel\u00f6lt helyeken lehet az \u00e1llatokat etetni, kecsk\u00e9ket, b\u00e1r\u00e1nyokat, alpak\u00e1kat \u00e9s az \u00e1llatsimogat\u00f3ban a 4 l\u00e1b\u00faakat.\r\n\r\nAz \u00e1llatkert a sz\u00e9ps\u00e9ges hellbrunni t\u00e1jba harmonikusan illeszkedik. Az egyes \u00e9l\u0151hely-egys\u00e9geket - \u00c1zsia, Afrika, Amerika \u00e9s Ausztr\u00e1lia - \u00fagy alak\u00edtott\u00e1k ki, hogy az \u00e9rdekl\u0151d\u0151k egy\u00fctt tanulm\u00e1nyozhass\u00e1k az adott f\u00f6ldrajzi t\u00e9rs\u00e9g fl\u00f3r\u00e1j\u00e1nak \u00e9s faun\u00e1j\u00e1nak k\u00e9pvisel\u0151it. Az \u00e1llatok kifut\u00f3inak \u00e9p\u00edt\u00e9s\u00e9n\u00e9l mindenek el\u0151tt a lak\u00f3k ig\u00e9nyeit vett\u00e9k figyelembe \u00e9s a lehet\u0151 legt\u00f6bb term\u00e9szetes anyagot haszn\u00e1lt\u00e1k fel.\r\n\r\n<a href=\"https:\/\/lebeninoesterreich.cafeblog.hu\/files\/2013\/09\/IMG_3608.jpg\"><img class=\"aligncenter size-medium wp-image-156\" alt=\"IMG_3608\" src=\"https:\/\/lebeninoesterreich.cafeblog.hu\/files\/2013\/09\/IMG_3608-300x199.jpg\" width=\"300\" height=\"199\" \/><\/a>\r\n\r\n<a href=\"https:\/\/lebeninoesterreich.cafeblog.hu\/files\/2013\/09\/IMG_3619.jpg\"><img class=\"aligncenter size-medium wp-image-157\" alt=\"IMG_3619\" src=\"https:\/\/lebeninoesterreich.cafeblog.hu\/files\/2013\/09\/IMG_3619-300x199.jpg\" width=\"300\" height=\"199\" \/><\/a>\r\n\r\n<a href=\"https:\/\/lebeninoesterreich.cafeblog.hu\/files\/2013\/09\/IMG_3626.jpg\"><img class=\"aligncenter size-medium wp-image-158\" alt=\"IMG_3626\" src=\"https:\/\/lebeninoesterreich.cafeblog.hu\/files\/2013\/09\/IMG_3626-300x199.jpg\" width=\"300\" height=\"199\" \/><\/a>\r\n\r\n<a href=\"https:\/\/lebeninoesterreich.cafeblog.hu\/files\/2013\/09\/IMG_3633.jpg\"><img class=\"aligncenter size-medium wp-image-159\" alt=\"IMG_3633\" src=\"https:\/\/lebeninoesterreich.cafeblog.hu\/files\/2013\/09\/IMG_3633-300x199.jpg\" width=\"300\" height=\"199\" \/><\/a>\r\n\r\n<a href=\"https:\/\/lebeninoesterreich.cafeblog.hu\/files\/2013\/09\/IMG_3653.jpg\"><img class=\"aligncenter size-medium wp-image-161\" alt=\"IMG_3653\" src=\"https:\/\/lebeninoesterreich.cafeblog.hu\/files\/2013\/09\/IMG_3653-300x199.jpg\" width=\"300\" height=\"199\" \/><\/a>\r\n\r\nEgy \u00f6nkiszolg\u00e1l\u00f3 \u00e9tterem, a <em>Mahlzeit im Zoo<\/em> tal\u00e1lhat\u00f3 itt, \u00e9s p\u00e1r kisebb <em>Kiosk<\/em>, \u00e9s fagyi \u00e1rus, melynek a nagy r\u00e9sze m\u00e1r z\u00e1rva volt \u00edgy szeptember v\u00e9ge fel\u00e9.\r\n\r\nHa gyerekekkel \u00e9rkezn\u00e9tek, a souvenir shop mellett kicsi kocsikat tal\u00e1lni, amibe a gyerk\u0151c\u00f6ket be lehet pakolni, ha esetleg a nagy s\u00e9t\u00e1ban \u00e9s sok \u00e9lm\u00e9nyben elf\u00e1radn\u00e1nak.\r\n\r\nAmi szem\u00e9ly szerint nekem nagyon tetszett, hogy a kuty\u00e1kat itt is sz\u00edvesen l\u00e1tj\u00e1k. Ahov\u00e1 a h\u00e1zi kedvenccel nem lehet bemenni, azt jelzik \u00e9s a \"kutyaparkol\u00f3ban\" hagyhatjuk az \u00e1llatot, ahol friss v\u00edz v\u00e1rja \u0151ket.\r\n\r\n[caption id=\"attachment_155\" align=\"aligncenter\" width=\"300\"]<a href=\"https:\/\/lebeninoesterreich.cafeblog.hu\/files\/2013\/09\/IMG_3638.jpg\"><img class=\"size-medium wp-image-155\" alt=\"Kutyaparkol\u00f3 :)\" src=\"https:\/\/lebeninoesterreich.cafeblog.hu\/files\/2013\/09\/IMG_3638-300x199.jpg\" width=\"300\" height=\"199\" \/><\/a> Kutyaparkol\u00f3 :)[\/caption]\r\n\r\nAki \u00e1llatkerti l\u00e1togat\u00e1sra adja a fej\u00e9t, \u00fagy sz\u00e1moljon, hogy a ter\u00fclet kb. 3 \u00f3ra alatt k\u00e9nyelmesen bes\u00e9t\u00e1lhat\u00f3.\u00a0Persze mi csak kettesben kir\u00e1ndultunk; nyilv\u00e1n akik gyerekekkel \u00e9rkeznek tov\u00e1bb id\u0151znek a kertben.\u00a0\u00c9rdekes, hogy ter\u00fclete kb. 14 hekt\u00e1r; a budapesti\u00e9 csup\u00e1n csak 11 hekt\u00e1r, de ott ak\u00e1r egy eg\u00e9sz napot is el tudok id\u0151zni \u00e9s sokkal t\u00f6bb fajta \u00e1llat is tal\u00e1lhat\u00f3.\r\n\r\n<strong>Jegy\u00e1rak:<\/strong>\r\n<ul>\r\n\t<li>Feln\u0151tt: \u20ac 10,10<\/li>\r\n\t<li>Gyerek (4-14 \u00e9ves kor): \u20ac 4,00<\/li>\r\n\t<li>Ifj\u00fas\u00e1gi jegy (15-19 \u00e9ves kor): \u20ac 7,00<\/li>\r\n\t<li>Kutya: \u20ac 2,50<\/li>\r\n<\/ul>\r\n<strong>Nyitva tart\u00e1s:<\/strong>\r\n\r\naz \u00e9v 365 napj\u00e1n, minden nap reggel 9-t\u0151l\r\n\r\nAugusztusban p\u00e9ntekenk\u00e9nt \u00e9s szombatonk\u00e9nt este 11 \u00f3r\u00e1ig l\u00e1togathat\u00f3.\r\n\r\nB\u0151vebb inform\u00e1ci\u00f3 <a href=\"http:\/\/www.salzburg-zoo.at\/Preise-OEffnungszeiten.18.0.html\">itt<\/a>.","type":"rich"}

Leben in Österreich

Állatkerti séta

Tegnap szerencsére ismét a párommal egy napon voltunk szabadnaposok. Szép és kellemes őszi idő volt, így ellátogattunk a salzburgi állatkertbe.

Annak ellenére, hogy Salzburg Zoo a neve, Anifban található, kb. 10 km-re Salzburgtól. :-)

Az állatkert főbejárata előtt egy hatalmas parkoló található; a  parkolás a kertet látogatók számára ingyenes, amennyiben a parkoló jegyet bent az állatkertben a pénztár mögötti kis kék gépben érvényesítjük.

Ugyanúgy, mint ahogy otthon a Fővárosi Állatkertben, itt is lehet Zoo csemegét (<em>Pellets</em>) vásárolni a kasszáknál (€ 2,90). De szigorúan, csak a megjelölt helyeken lehet az állatokat etetni, kecskéket, bárányokat, alpakákat és az állatsimogatóban a 4 lábúakat.

Az állatkert a szépséges hellbrunni tájba harmonikusan illeszkedik. Az egyes élőhely-egységeket - Ázsia, Afrika, Amerika és Ausztrália - úgy alakították ki, hogy az érdeklődők együtt tanulmányozhassák az adott földrajzi térség flórájának és faunájának képviselőit. Az állatok kifutóinak építésénél mindenek előtt a lakók igényeit vették figyelembe és a lehető legtöbb természetes anyagot használták fel.

<a href="https://lebeninoesterreich.cafeblog.hu/files/2013/09/IMG_3608.jpg"><img class="aligncenter size-medium wp-image-156" alt="IMG_3608" src="https://lebeninoesterreich.cafeblog.hu/files/2013/09/IMG_3608-300x199.jpg" width="300" height="199" /></a>

<a href="https://lebeninoesterreich.cafeblog.hu/files/2013/09/IMG_3619.jpg"><img class="aligncenter size-medium wp-image-157" alt="IMG_3619" src="https://lebeninoesterreich.cafeblog.hu/files/2013/09/IMG_3619-300x199.jpg" width="300" height="199" /></a>

<a href="https://lebeninoesterreich.cafeblog.hu/files/2013/09/IMG_3626.jpg"><img class="aligncenter size-medium wp-image-158" alt="IMG_3626" src="https://lebeninoesterreich.cafeblog.hu/files/2013/09/IMG_3626-300x199.jpg" width="300" height="199" /></a>

<a href="https://lebeninoesterreich.cafeblog.hu/files/2013/09/IMG_3633.jpg"><img class="aligncenter size-medium wp-image-159" alt="IMG_3633" src="https://lebeninoesterreich.cafeblog.hu/files/2013/09/IMG_3633-300x199.jpg" width="300" height="199" /></a>

<a href="https://lebeninoesterreich.cafeblog.hu/files/2013/09/IMG_3653.jpg"><img class="aligncenter size-medium wp-image-161" alt="IMG_3653" src="https://lebeninoesterreich.cafeblog.hu/files/2013/09/IMG_3653-300x199.jpg" width="300" height="199" /></a>

Egy önkiszolgáló étterem, a <em>Mahlzeit im Zoo</em> található itt, és pár kisebb <em>Kiosk</em>, és fagyi árus, melynek a nagy része már zárva volt így szeptember vége felé.

Ha gyerekekkel érkeznétek, a souvenir shop mellett kicsi kocsikat találni, amibe a gyerkőcöket be lehet pakolni, ha esetleg a nagy sétában és sok élményben elfáradnának.

Ami személy szerint nekem nagyon tetszett, hogy a kutyákat itt is szívesen látják. Ahová a házi kedvenccel nem lehet bemenni, azt jelzik és a "kutyaparkolóban" hagyhatjuk az állatot, ahol friss víz várja őket.

[caption id="attachment_155" align="aligncenter" width="300"]<a href="https://lebeninoesterreich.cafeblog.hu/files/2013/09/IMG_3638.jpg"><img class="size-medium wp-image-155" alt="Kutyaparkoló :)" src="https://lebeninoesterreich.cafeblog.hu/files/2013/09/IMG_3638-300x199.jpg" width="300" height="199" /></a> Kutyaparkoló :)[/caption]

Aki állatkerti látogatásra adja a fejét, úgy számoljon, hogy a terület kb. 3 óra alatt kényelmesen besétálható. Persze mi csak kettesben kirándultunk; nyilván akik gyerekekkel érkeznek tovább időznek a kertben. Érdekes, hogy területe kb. 14 hektár; a budapestié csupán csak 11 hektár, de ott akár egy egész napot is el tudok időzni és sokkal több fajta állat is található.

<strong>Jegyárak:</strong>
<ul>
	<li>Felnőtt: € 10,10</li>
	<li>Gyerek (4-14 éves kor): € 4,00</li>
	<li>Ifjúsági jegy (15-19 éves kor): € 7,00</li>
	<li>Kutya: € 2,50</li>
</ul>
<strong>Nyitva tartás:</strong>

az év 365 napján, minden nap reggel 9-től

Augusztusban péntekenként és szombatonként este 11 óráig látogatható.

Bővebb információ <a href="http://www.salzburg-zoo.at/Preise-OEffnungszeiten.18.0.html">itt</a>.
