{"version":"1.0","provider_name":"Leben in \u00d6sterreich","provider_url":"https:\/\/lebeninoesterreich.cafeblog.hu","author_name":"Viki Czako","author_url":"https:\/\/lebeninoesterreich.cafeblog.hu\/author\/vikiczako\/","title":"Illatos feh\u00e9rs\u00e9g","html":"<p style=\"text-align: justify\">Mivel ma igazi tavaszias, naps\u00fct\u00e9ses id\u0151nek \u00f6r\u00fclhett\u00fcnk, egy kis kir\u00e1ndul\u00e1st tettem a k\u00f6zeli erd\u0151ben. Megtal\u00e1ltam azt is, ami\u00e9rt indultam: apr\u00f3, h\u00f3feh\u00e9r vir\u00e1gocsk\u00e1kat.<\/p>\r\n<p style=\"text-align: justify\"><a href=\"https:\/\/lebeninoesterreich.cafeblog.hu\/files\/2014\/02\/dscf3169_fruhlingsknotenblumen-thumb-1024xauto-138770.jpg\"><img class=\"aligncenter size-medium wp-image-406\" alt=\"dscf3169_fruhlingsknotenblumen-thumb-1024xauto-138770\" src=\"https:\/\/lebeninoesterreich.cafeblog.hu\/files\/2014\/02\/dscf3169_fruhlingsknotenblumen-thumb-1024xauto-138770-300x225.jpg\" width=\"300\" height=\"225\" \/><\/a><\/p>\r\n<p style=\"text-align: justify\">M\u00e9g tavaly m\u00e1rcius t\u00e1j\u00e1n l\u00e1ttuk ezeket a kis vir\u00e1gokat el\u0151sz\u00f6r a\u00a0hellbrunni kast\u00e9ly parkj\u00e1ban. Mi is - \u00e9s rajtunk k\u00edv\u00fcl m\u00e9g sokan - \u00edgy ki\u00e1ltottunk fel, mikor megl\u00e1ttuk: \"<em>J\u00e9, h\u00f3vir\u00e1g, milyen sz\u00e9p!<\/em>\" K\u00f6zelebbr\u0151l megszeml\u00e9lve \u0151ket, t\u0171nnek fel a kis k\u00fcl\u00f6nbs\u00e9gek. Igaz, hogy mindketten egy fajba tartoznak, hagym\u00e1s \u00e9vel\u0151 n\u00f6v\u00e9nyek. A tavaszi t\u0151zike egy kicsivel nagyobb, 15\u201335 cm magas, levelei hossz\u00fak\u00e1sak, penge alak\u00faak. Enyh\u00e9n illatos, kis feh\u00e9r harang alak\u00fa vir\u00e1gai vannak, mindegyik cs\u00facs\u00e1n z\u00f6ld folt tal\u00e1lhat\u00f3.<\/p>\r\n<p style=\"text-align: justify\">Ez\u00e9rt a tavaszi t\u0151zik\u00e9t a \"h\u00f3vir\u00e1g n\u0151v\u00e9rek\u00e9nt\" is szok\u00e1s nevezni. Vir\u00e1ga m\u00e1r a febru\u00e1ri t\u00e9li napf\u00e9nyben elkezd ragyogni a naposabb erd\u0151kben \u00e9s eg\u00e9szen \u00e1prilisig gy\u00f6ny\u00f6rk\u00f6dhet\u00fcnk benne. Igazi vir\u00e1g tengereket lehet tal\u00e1lni az erd\u0151k m\u00e9ly\u00e9n, mivel \u00f6nszapor\u00edt\u00f3 n\u00f6v\u00e9ny - \u00e9vr\u0151l \u00e9vre t\u00f6bb \u00e9s t\u00f6bb jelenik meg.<\/p>\r\n<p style=\"text-align: justify\"><a href=\"https:\/\/lebeninoesterreich.cafeblog.hu\/files\/2014\/02\/5514906686_14e722eac1_z.jpg\"><img class=\"aligncenter size-medium wp-image-407\" alt=\"5514906686_14e722eac1_z\" src=\"https:\/\/lebeninoesterreich.cafeblog.hu\/files\/2014\/02\/5514906686_14e722eac1_z-300x200.jpg\" width=\"300\" height=\"200\" \/><\/a><\/p>\r\n<p style=\"text-align: justify\"><a href=\"https:\/\/lebeninoesterreich.cafeblog.hu\/files\/2014\/02\/frknoblu01wk9.jpg\"><img class=\"aligncenter size-medium wp-image-408\" alt=\"OLYMPUS DIGITAL CAMERA\" src=\"https:\/\/lebeninoesterreich.cafeblog.hu\/files\/2014\/02\/frknoblu01wk9-300x225.jpg\" width=\"300\" height=\"225\" \/><\/a><\/p>\r\n&nbsp;\r\n\r\n<strong>TIPP<\/strong>: St\u00e1jerorsz\u00e1g keleti r\u00e9sz\u00e9n tal\u00e1lhat\u00f3 Etzersdorf-Rollsdorf nevezet\u0171 kis falucska, ahol Ausztria legnagyobb tavaszi t\u0151zike r\u00e9tj\u00e9t csod\u00e1lhatjuk meg.","type":"rich"}

Leben in Österreich

Illatos fehérség

<p style="text-align: justify">Mivel ma igazi tavaszias, napsütéses időnek örülhettünk, egy kis kirándulást tettem a közeli erdőben. Megtaláltam azt is, amiért indultam: apró, hófehér virágocskákat.</p>
<p style="text-align: justify"><a href="https://lebeninoesterreich.cafeblog.hu/files/2014/02/dscf3169_fruhlingsknotenblumen-thumb-1024xauto-138770.jpg"><img class="aligncenter size-medium wp-image-406" alt="dscf3169_fruhlingsknotenblumen-thumb-1024xauto-138770" src="https://lebeninoesterreich.cafeblog.hu/files/2014/02/dscf3169_fruhlingsknotenblumen-thumb-1024xauto-138770-300x225.jpg" width="300" height="225" /></a></p>
<p style="text-align: justify">Még tavaly március táján láttuk ezeket a kis virágokat először a hellbrunni kastély parkjában. Mi is - és rajtunk kívül még sokan - így kiáltottunk fel, mikor megláttuk: "<em>Jé, hóvirág, milyen szép!</em>" Közelebbről megszemlélve őket, tűnnek fel a kis különbségek. Igaz, hogy mindketten egy fajba tartoznak, hagymás évelő növények. A tavaszi tőzike egy kicsivel nagyobb, 15–35 cm magas, levelei hosszúkásak, penge alakúak. Enyhén illatos, kis fehér harang alakú virágai vannak, mindegyik csúcsán zöld folt található.</p>
<p style="text-align: justify">Ezért a tavaszi tőzikét a "hóvirág nővéreként" is szokás nevezni. Virága már a februári téli napfényben elkezd ragyogni a naposabb erdőkben és egészen áprilisig gyönyörködhetünk benne. Igazi virág tengereket lehet találni az erdők mélyén, mivel önszaporító növény - évről évre több és több jelenik meg.</p>
<p style="text-align: justify"><a href="https://lebeninoesterreich.cafeblog.hu/files/2014/02/5514906686_14e722eac1_z.jpg"><img class="aligncenter size-medium wp-image-407" alt="5514906686_14e722eac1_z" src="https://lebeninoesterreich.cafeblog.hu/files/2014/02/5514906686_14e722eac1_z-300x200.jpg" width="300" height="200" /></a></p>
<p style="text-align: justify"><a href="https://lebeninoesterreich.cafeblog.hu/files/2014/02/frknoblu01wk9.jpg"><img class="aligncenter size-medium wp-image-408" alt="OLYMPUS DIGITAL CAMERA" src="https://lebeninoesterreich.cafeblog.hu/files/2014/02/frknoblu01wk9-300x225.jpg" width="300" height="225" /></a></p>
&nbsp;

<strong>TIPP</strong>: Stájerország keleti részén található Etzersdorf-Rollsdorf nevezetű kis falucska, ahol Ausztria legnagyobb tavaszi tőzike rétjét csodálhatjuk meg.
